47959, 2*y = k + 59180. Is y composite?
True
Let h(r) = 69*r - 11. Suppose -5*l - 1 + 6 = 0, 0 = -3*w - 5*l + 29. Is h(w) composite?
False
Let m = 16 - 12. Let d(s) be the second derivative of s**5/4 - s**4/3 + 3*s**3/2 - 3*s**2/2 + 13*s. Is d(m) a prime number?
False
Is 22258 - ((-4)/4 + -8) composite?
True
Suppose f + 0*f + 16 = 0. Let k(a) = -a**2 - 25*a - 19. Let h be k(f). Let p = 430 - h. Is p prime?
False
Suppose -3*s = 12*s - 8355. Is s a prime number?
True
Let g(h) = h**2 - 15*h + 3. Let z be g(15). Suppose -5*a - 39 - 60 = -z*p, 96 = -5*a + 2*p. Is 622/8 - a/(-24) a prime number?
False
Suppose w + 33 = 88. Suppose 2*i + 2*r - 12 = 0, 0 = 4*i - 7*i + 5*r - 14. Suppose -3*c = -f + 86, i*f - c = 102 + w. Is f prime?
False
Suppose -14 + 2 = -3*v. Suppose v*x - x - 9 = 0. Suppose 0 = h + 4*z - 78, 5*z - x*z = -3*h + 274. Is h composite?
True
Suppose 0 = 21*z - 341501 - 344086. Is z prime?
True
Is 1 + 1 - (-202 + -17) prime?
False
Let t = -3399 - -33664. Is t a composite number?
True
Suppose -67*d + 594 = -65*d. Suppose -d = -0*c - 9*c. Is c a prime number?
False
Let i be 12/3 - (-4 - -3). Suppose 6 = 2*a, -a + 11 = i*o + a. Is -8*(-3 + -78) + o prime?
False
Let h(a) = -124*a - 6. Let m be h(-5). Let o = m - 418. Suppose -6*s + 2*s = -o. Is s a composite number?
True
Suppose 0 = 4*v - 4*o - 89736, -3 = -0*o + 3*o. Is v composite?
False
Let u be -9*5*(-6)/(-45). Let f = u + 57. Is f a composite number?
True
Let f be 118/10 + (-2)/(-10). Suppose 10*z - f*z + 318 = 0. Is z a prime number?
False
Let c(m) = 232*m - 57. Let g(p) = 14*p**3 + p**2 - p - 1. Let w be g(1). Is c(w) composite?
True
Let z = 22 + -24. Let l be 83915/104 - z/16. Let c = l + -376. Is c composite?
False
Let g(d) = 65*d**2 + 4*d + 4. Let u be g(4). Let r = -617 + u. Is r a prime number?
True
Let u(n) = 47*n**2 + 29*n + 19. Let l be u(-12). Suppose -3039 = -14*i + l. Is i a prime number?
True
Let r(k) = k**3 - 4*k**2 - 7*k + 10. Let s be r(5). Suppose -5*u - 8 + 43 = s. Suppose -u*t = 5*v - 2*t - 1200, -3*v + t = -716. Is v a prime number?
True
Let b be 259940/50 + (-2)/(-10). Let h = b - 3232. Is h a prime number?
False
Let w(d) = -102*d**3 + 6*d**2 - 4*d - 31. Is w(-5) prime?
True
Suppose -2*a = 5*d - 33, 5 = -5*d - a + 34. Suppose -3*j - 5*k = 24, 18 = -d*j - k - 0*k. Is 4 + 87 - (-1 - j) composite?
False
Suppose 5*a + 0*a = 6940. Suppose 0 = -39*i + 27*i + 96. Is 1*2/(i/a) composite?
False
Suppose 0 = 3*f + 26 + 31. Suppose 9*c - 10*c + 308 = 0. Let k = c - f. Is k a composite number?
True
Suppose -2*a + 9 - 11 = 0. Let j(c) = 123*c**2. Is j(a) composite?
True
Let r be (297/6)/3*(-20)/(-6). Suppose 300 = 3*p - 4*h - 230, h = p - 178. Suppose -3*q + 123 = 4*l - r, -4*l + p = q. Is l a composite number?
True
Let p(t) = t**2 + 2*t - 11. Let i be p(-5). Suppose 2*m - 1260 = -3*h, -i*m + 3*m - 3 = 0. Suppose 5*w - h - 1803 = 0. Is w prime?
False
Let i = -35 + 245. Suppose i = -3*y + 9*y. Is y a prime number?
False
Let g(i) = 9*i**3 - 7*i**2 - 11*i - 3. Let h(w) = -5*w**3 + 3*w**2 + 5*w + 1. Let q(f) = 2*g(f) + 5*h(f). Is q(-4) a composite number?
True
Let b(u) = u - 1. Let h be (1/1)/(8/(-8)). Let m(g) = 5*g - 17. Let a(f) = h*m(f) + 6*b(f). Is a(0) a prime number?
True
Let u(o) = 265*o - 78. Is u(23) prime?
False
Is 10762/(-8)*(-17 - 3) a composite number?
True
Suppose 0 = -5*z - 20, 3 + 81 = -4*l + 3*z. Let o = 26 + l. Suppose -4*w - 45 - 27 = -2*a, 62 = 2*a - o*w. Is a composite?
True
Let o(x) = 12*x**2 + 2*x + 13. Let b be o(9). Let h = 966 + b. Is h prime?
False
Let g(i) = -i**2 + 10*i + 10. Let l be g(10). Let f = -7 + l. Let b = 12 + f. Is b a prime number?
False
Suppose 4*p + 97265 = 5*q, -18 = -5*p + 7. Is q a prime number?
True
Let x be -6 - 7/(7/(-4)). Let q(g) = -3*g + 4. Is q(x) a composite number?
True
Let k(h) = -h - 1. Let f be k(-3). Let a(y) = -3*y + 6*y + 6*y + 2*y**f - 10. Is a(-8) a composite number?
True
Suppose 79198 = 10*r - 48712. Is r composite?
False
Let q(l) = -l**3 - l**2 + 2. Let o be q(0). Suppose -2*g = 2*i + 4 + o, -i = 5*g - 13. Let t(x) = -12*x + 13. Is t(i) composite?
False
Let t = 25833 + 9988. Is t a composite number?
True
Let f = 971 + -563. Suppose 0*t = -5*x - 2*t + 475, -4*t = -4*x + f. Is x a composite number?
False
Let i(x) = 634*x**3 + x**2. Suppose -3*m + 4*w = 1, -5*m + w - 3*w = -7. Let l be i(m). Suppose 0 = 2*k - 7*k + l. Is k composite?
False
Let q(u) = -u**2 - u. Let t(o) = -3*o**2 + 2*o + 16. Let k(m) = -4*q(m) + t(m). Let n be 2/6 + 68/12 - -5. Is k(n) a composite number?
True
Suppose 0*b + b + 36 = 4*c, b + 16 = -c. Is (b + -2)/(4/(-134)) composite?
True
Suppose -2*l - 3722 = -4*i + 4156, 5*i - 2*l = 9848. Is i/18 - (-72)/(-162) prime?
True
Let o(l) = l**2 + 8*l - 3. Let x be o(-9). Suppose 4253 = x*v - 11845. Is v prime?
True
Let n be (-4 - (-84)/16)*4. Is (n - (1 - 0)) + 615 composite?
False
Suppose 5*f = q + 200249, 3*f + q + 19676 - 139819 = 0. Is f prime?
False
Let z(m) = m + 4. Let y be z(2). Suppose 3*d = y*d, -i = d - 951. Is i a composite number?
True
Let z be ((-8)/10)/(2 - 48/30). Is (-15256 - 5)*z/(-12)*-2 composite?
False
Let o(t) be the second derivative of 2*t**2 + 29/3*t**3 + 0 - 2*t. Is o(3) a prime number?
False
Suppose -3227 + 621 = -o. Let u = o - 1413. Is u a prime number?
True
Suppose -3*c = -b + 1849, 0*c + 5*c = 10. Suppose z = 6*z - b. Is z a composite number?
True
Suppose -212*s + 202*s = -553510. Is s a prime number?
True
Let x(u) = -101*u + 12. Let p(m) = 102*m - 11. Let c(g) = -2*g + 16. Let s be c(11). Let b(n) = s*p(n) - 5*x(n). Is b(-5) a prime number?
True
Let p(o) = 6*o**3 - 2*o**2 - o - 2. Let m be p(2). Let x(u) = u**2 + 5*u + 2. Let r be x(-4). Is -4 + m + (-1 - r) prime?
False
Let h be (3 + -3)/((-4)/(-4)). Let p be 2/(6/(-9) - h). Is (2/p)/(2/(-6)) a prime number?
True
Let n(b) = b**3 - 2*b**2 + 7*b + 1. Let x be n(8). Let t = x + -300. Let c = -82 + t. Is c a composite number?
False
Suppose 0 = -4*s + 52299 + 26673. Is s a composite number?
True
Let l = 12182 + 6669. Is l composite?
True
Suppose 4*k - 15 = -q, -6*q = -q + 5*k - 105. Suppose -x = 5*r - 278, -3*r - 618 = -2*x - q. Is x a composite number?
False
Let a(q) = q. Let t(g) = -94*g - 1. Let y(i) = 4*a(i) + t(i). Let b(c) = c + 3. Let v be b(-4). Is y(v) composite?
False
Let k = 28 - 25. Is ((-42168)/(-8))/k*(-1)/(-1) composite?
True
Is 1*(0 + -3) + 4106 + 2 a composite number?
True
Is (5178 - (-88)/8)/1 composite?
False
Let g = -552 - -1671. Let k = -766 + g. Is k a prime number?
True
Suppose -17*n - 27*n = -222332. Is n a prime number?
False
Let w(s) = -s**3 - 27*s**2 + 21*s - 86. Is w(-37) prime?
False
Let z = -518 - -359. Let w = 366 + -85. Let v = w + z. Is v a composite number?
True
Suppose -5*q = -8 - 2. Suppose -2*s = -2*f + 1354, q*f + 489 - 1839 = s. Is f a composite number?
False
Let d(b) = 3*b - 6. Let m(q) = -4*q + 6. Let w(p) = 3*d(p) + 2*m(p). Let j be w(10). Suppose -j*r + 2305 = 309. Is r a prime number?
True
Is 2635 - (-4)/6*(-23 - -17) a composite number?
True
Let t = -12 + 10. Let d be -8*1/t + 115. Suppose d = 4*g - 29. Is g prime?
True
Let l(v) = -2*v**3 - 10*v**2 + 10*v - 6. Let t(k) = 3*k**3 + 11*k**2 - 11*k + 7. Let d(i) = 6*l(i) + 5*t(i). Is d(4) prime?
True
Let s(o) = -207*o + 26. Let r be -4 + (2 - 3) + 0. Is s(r) a prime number?
True
Suppose -4*l - 6047 = 3*t, 4*t + 0*l + 8073 = 5*l. Is t/((-4 - -7)/(-3)) a composite number?
False
Let p(j) = -10*j**2 + 7*j + 1. Let b(k) = k**3. Let u(x) = 2*b(x) + 2*p(x). Let w be u(14). Let i = -969 + w. Is i prime?
True
Is (1227*-340)/(-10) - (-2 + 1) prime?
True
Let q(s) = 10*s**2 - 3*s - 2. Let h = 4 - -3. Let l = 4 - h. Is q(l) prime?
True
Let z(h) = h**3 + 27*h**2 - 40*h + 59. Is z(-25) prime?
True
Let m(k) = -251*k - 42*k - 3 + 0. Suppose -15 + 37 = -11*t. Is m(t) a composite number?
True
Let j(c) = c**3 + 11*c**2 + 7*c - 6. Let z be 34/(-5) + (-1)/5. Is j(z) a composite number?
True
Let c(x) = x**3 + 46*x**2 + 40*x - 94. Is c(-33) prime?
True
Is (-6)/(-2) - (-11243 + 7) composite?
False
Let z = 6074 - 4107. Suppose 2*s = -2*h + 2326 + 1624, h = 3*s + z. Is h a composite number?
False
Let i be ((-21)/(-9))/(1/3). Let y be -5 - -5 - i/(-1). Suppose -y*m + 6*m = -14. Is m a composite number?
True
Let y(p) = p**3 + 39*p**2 + 28*p + 89. Is y(-27) a composi